rime factors of 5528970.
2, 3, 5, 23, 2671
List the prime factors of 103462.
2, 17, 179
List the prime factors of 229665.
3, 5, 61, 251
List the prime factors of 7620312.
2, 3, 7, 67, 677
What are the prime factors of 80515?
5, 16103
What are the prime factors of 1395271?
41, 34031
What are the prime factors of 97084?
2, 13, 1867
What are the prime factors of 267254?
2, 13, 19, 541
List the prime factors of 127688.
2, 11, 1451
What are the prime factors of 208305?
3, 5, 1543
List the prime factors of 3179304.
2, 3, 41, 359
What are the prime factors of 2531454?
2, 3, 59, 7151
What are the prime factors of 431640?
2, 3, 5, 11, 109
What are the prime factors of 79210?
2, 5, 89
What are the prime factors of 1746304?
2, 7, 1949
List the prime factors of 787081.
281, 2801
What are the prime factors of 4906540?
2, 5, 17, 14431
List the prime factors of 4111597.
7, 587371
List the prime factors of 2173259.
11, 197569
List the prime factors of 5335524.
2, 3, 127, 389
List the prime factors of 1498152.
2, 3, 62423
What are the prime factors of 209694?
2, 3, 34949
List the prime factors of 711754.
2, 167, 2131
What are the prime factors of 144373?
59, 2447
List the prime factors of 1250076.
2, 3, 104173
List the prime factors of 1278292.
2, 313, 1021
What are the prime factors of 1013319?
3, 17, 37, 179
List the prime factors of 533751.
3, 177917
What are the prime factors of 194787?
3, 23, 941
List the prime factors of 1673230.
2, 5, 13, 61, 211
What are the prime factors of 6505386?
2, 3, 107, 10133
List the prime factors of 808153.
808153
List the prime factors of 38390.
2, 5, 11, 349
What are the prime factors of 117813?
3, 173, 227
List the prime factors of 184233.
3, 7, 31, 283
What are the prime factors of 252173?
252173
What are the prime factors of 558806?
2, 31, 9013
List the prime factors of 1102214.
2, 551107
List the prime factors of 329018.
2, 17, 9677
List the prime factors of 7225707.
3, 2408569
List the prime factors of 430457.
17, 25321
List the prime factors of 6321632.
2, 197551
What are the prime factors of 146412?
2, 3, 7, 83
List the prime factors of 6511597.
6511597
List the prime factors of 12046.
2, 19, 317
List the prime factors of 2814594.
2, 3, 469099
List the prime factors of 3027640.
2, 5, 7, 11, 983
List the prime factors of 1412120.
2, 5, 43, 821
What are the prime factors of 197985?
3, 5, 67, 197
List the prime factors of 18446747.
11, 193, 8689
List the prime factors of 42628753.
29, 1469957
What are the prime factors of 2363183?
491, 4813
List the prime factors of 221634.
2, 3, 7, 1759
List the prime factors of 3196515.
3, 5, 7, 4349
List the prime factors of 891124.
2, 13, 17137
What are the prime factors of 52798?
2, 26399
List the prime factors of 1921269.
3, 7, 191, 479
What are the prime factors of 4931487?
3, 11, 109, 457
List the prime factors of 3262176.
2, 3, 47, 241
List the prime factors of 468839.
7, 66977
What are the prime factors of 9063794?
2, 23, 103, 1913
What are the prime factors of 3627477?
3, 7, 17, 1129
What are the prime factors of 121301?
101, 1201
List the prime factors of 128538.
2, 3, 37, 193
List the prime factors of 1172639.
13, 90203
List the prime factors of 373401.
3, 7, 5927
What are the prime factors of 254283?
3, 84761
What are the prime factors of 5385393?
3, 13, 67, 229
List the prime factors of 372725.
5, 17, 877
List the prime factors of 15927836.
2, 3981959
List the prime factors of 533492.
2, 41, 3253
What are the prime factors of 315128?
2, 11, 3581
What are the prime factors of 21363135?
3, 5, 17, 83777
What are the prime factors of 71010?
2, 3, 5, 263
List the prime factors of 397739.
23, 17293
What are the prime factors of 11082163?
11082163
List the prime factors of 608665.
5, 19, 43, 149
What are the prime factors of 29470485?
3, 5, 11, 178609
List the prime factors of 1805841.
3, 66883
What are the prime factors of 18862088?
2, 7, 336823
What are the prime factors of 25710319?
191, 134609
What are the prime factors of 110974?
2, 55487
List the prime factors of 284195.
5, 113, 503
List the prime factors of 31524128.
2, 985129
What are the prime factors of 231143?
11, 21013
List the prime factors of 14822262.
2, 3, 7, 13, 9049
List the prime factors of 1017330.
2, 3, 5, 33911
List the prime factors of 145263.
3, 41, 1181
List the prime factors of 3823368.
2, 3, 17, 9371
What are the prime factors of 359941?
17, 31, 683
List the prime factors of 2286822.
2, 3, 37, 10301
List the prime factors of 1402566.
2, 3, 11, 79, 269
List the prime factors of 15199669.
15199669
List the prime factors of 377858.
2, 13, 14533
List the prime factors of 279084.
2, 3, 13, 1789
What are the prime factors of 869502?
2, 3, 144917
List the prime factors of 69449.
37, 1877
List the prime factors of 3978798.
2, 3, 751, 883
List the prime factors of 52066.
2, 7, 3719
What are the prime factors of 337208?
2, 61, 691
What are the prime factors of 12860592?
2, 3, 267929
What are the prime factors of 840896?
2, 7, 1877
What are the prime factors of 6606689?
31, 213119
List the prime factors of 168936.
2, 3, 7039
What are the prime factors of 570010?
2, 5, 7, 17, 479
List the prime factors of 20462005.
5, 4092401
What are the prime factors of 1255413?
3, 418471
What are the prime factors of 22101610?
2, 5, 2210161
What are the prime factors of 4451624?
2, 19, 29287
List the prime factors of 9969525.
3, 5, 59, 751
List the prime factors of 600480.
2, 3, 5, 139
List the prime factors of 14760107.
2003, 7369
List the prime factors of 19555567.
401, 48767
List the prime factors of 800534.
2, 7, 211, 271
What are the prime factors of 2622687?
3, 874229
List the prime factors of 631136.
2, 11, 163
What are the prime factors of 219420?
2, 3, 5, 23, 53
List the prime factors of 879587.
89, 9883
What are the prime factors of 4657118?
2, 2328559
What are the prime factors of 1642754?
2, 821377
What are the prime factors of 27558386?
2, 13779193
List the prime factors of 32726673.
3, 7, 57719
What are the prime factors of 2507249?
31, 2609
What are the prime factors of 194000?
2, 5, 97
What are the prime factors of 363823?
43, 8461
What are the prime factors of 39458?
2, 109, 181
What are the prime factors of 190583?
190583
List the prime factors of 1316184.
2, 3, 173, 317
List the prime factors of 2790504.
2, 3, 12919
What are the prime factors of 24181608?
2, 3, 11, 757
List the prime factors of 8652560.
2, 5, 7, 15451
What are the prime factors of 4927717?
233, 21149
List the prime factors of 6187354.
2, 17, 181981
List the prime factors of 849127.
849127
List the prime factors of 339888.
2, 3, 73, 97
What are the prime factors of 7096081?
941, 7541
What are the prime factors of 1144106?
2, 572053
List the prime factors of 546876.
2, 3, 11, 1381
What are the prime factors of 7354925?
5, 67, 4391
List the prime factors of 5710989.
3, 79, 24097
What are the prime factors of 7170111?
3, 13, 61283
What are the prime factors of 430251?
3, 173, 829
List the prime factors of 224492.
2, 56123
What are the prime factors of 25551?
3, 17, 167
List the prime factors of 7676923.
7676923
List the prime factors of 454950.
2, 3, 5, 337
What are the prime factors of 3063530?
2, 5, 83, 3691
What are the prime factors of 9618335?
5, 37, 51991
List the prime factors of 277926.
2, 3, 11, 4211
List the prime factors of 221608.
2, 27701
What are the prime factors of 178847?
19, 9413
List the prime factors of 979926.
2, 3, 163321
What are the prime factors of 2854441?
29, 98429
List the prime factors of 481427.
431, 1117
What are the prime factors of 608661?
3, 22543
What are the prime factors of 1108962?
2, 3, 61609
What are the prime factors of 2473723?
7, 353389
List the prime factors of 16679695.
5, 107, 31177
List the prime factors of 6270446.
2, 7, 13, 131, 263
What are the prime factors of 2563353?
3, 13, 67, 109
What are the prime factors of 996504?
2, 3, 41521
What are the prime factors of 1470136?
2, 151, 1217
What are the prime factors of 613148?
2, 153287
List the prime factors of 1916290.
2, 5, 71, 2699
List the prime factors of 258222.
2, 3, 43037
What are the prime factors of 846113?
846113
List the prime factors of 4614786.
2, 3, 11, 17, 457
What are the prime factors of 4610574?
2, 3, 85381
List the prime facto